{"id":77,"date":"2025-11-19T17:43:46","date_gmt":"2025-11-19T17:43:46","guid":{"rendered":"https:\/\/dianetika.lt\/landing\/?post_type=product&#038;p=77"},"modified":"2025-11-19T19:27:07","modified_gmt":"2025-11-19T19:27:07","slug":"l-ron-hubbard-dianetika-siuolaikinis-mokslas-apie-prota","status":"publish","type":"product","link":"https:\/\/dianetika.lt\/landing\/produktas\/l-ron-hubbard-dianetika-siuolaikinis-mokslas-apie-prota\/","title":{"rendered":"L. Ron Hubbard \u201eDianetika. \u0160iuolaikinis mokslas apie prot\u0105\u201d"},"content":{"rendered":"","protected":false},"excerpt":{"rendered":"<p><strong>Dianetikos<\/strong>\u00a0knygoje yra apra\u0161omi atradimai, kurie buvo paskelbti pasauliui pla\u010diau, nei rato i\u0161radimas ar ugnies atradimas. \u201cDianetika\u201d i\u0161lieka bestseleriu daugiau nei 60 met\u0173. Daugiau nei 21 milijonas i\u0161spausdint\u0173 knygos egzempliori\u0173 ir jos pagimdytas jud\u0117jimas, apimantis daugiau nei 180 \u0161ali\u0173, \u2014 visa tai nenugin\u010dijamai rodo, kad ji yra labiausiai skaitoma ir svarbiausia knyga, i\u0161 vis\u0173, kurios buvo para\u0161ytos apie \u017emogaus prot\u0105.<br \/>\nJoje pateikiama reaktyviojo proto \u2014 iki \u0161iol ne\u017einomo naktini\u0173 ko\u0161mar\u0173, nepagr\u012fst\u0173 baimi\u0173, susierzinimo ir netikrumo \u0161altinio, kuris pavergia \u017emog\u0173, \u2014 anatomija ir pilnas apra\u0161ymas. \u0160i knyga parodys jums, kaip galima jo atsikratyti ir tokiu b\u016bdu pasiekti tai, apie k\u0105 \u017emogus anks\u010diau gal\u0117jo tik pasvajoti, \u2014 Kliro (\u017eodis\u00a0<em>clear<\/em>\u00a0angl\u0173 kalboje rei\u0161kia AI\u0160KUS, SKAIDRUS) b\u016bsen\u0105.<\/p>\n","protected":false},"featured_media":78,"comment_status":"open","ping_status":"closed","template":"","meta":[],"product_brand":[],"product_cat":[31],"product_tag":[17,18,19,20,21,22,23,24,25,26,27],"class_list":{"0":"post-77","1":"product","2":"type-product","3":"status-publish","4":"has-post-thumbnail","6":"product_cat-knygos","7":"product_tag-dianetika","8":"product_tag-dianetika-kaina","9":"product_tag-dianetikos-knygos","10":"product_tag-interneto-parduotuve","11":"product_tag-isigyti-dianetika","12":"product_tag-isigyti-knyga","13":"product_tag-knyga-apie-prota","14":"product_tag-knyga-dianetika","15":"product_tag-knygu-parduotuve","16":"product_tag-pirkti-dianetika","17":"product_tag-pirkti-knyga","18":"entry","20":"first","21":"instock","22":"shipping-taxable","23":"purchasable","24":"product-type-simple"},"jetpack_sharing_enabled":true,"_links":{"self":[{"href":"https:\/\/dianetika.lt\/landing\/wp-json\/wp\/v2\/product\/77","targetHints":{"allow":["GET"]}}],"collection":[{"href":"https:\/\/dianetika.lt\/landing\/wp-json\/wp\/v2\/product"}],"about":[{"href":"https:\/\/dianetika.lt\/landing\/wp-json\/wp\/v2\/types\/product"}],"replies":[{"embeddable":true,"href":"https:\/\/dianetika.lt\/landing\/wp-json\/wp\/v2\/comments?post=77"}],"wp:featuredmedia":[{"embeddable":true,"href":"https:\/\/dianetika.lt\/landing\/wp-json\/wp\/v2\/media\/78"}],"wp:attachment":[{"href":"https:\/\/dianetika.lt\/landing\/wp-json\/wp\/v2\/media?parent=77"}],"wp:term":[{"taxonomy":"product_brand","embeddable":true,"href":"https:\/\/dianetika.lt\/landing\/wp-json\/wp\/v2\/product_brand?post=77"},{"taxonomy":"product_cat","embeddable":true,"href":"https:\/\/dianetika.lt\/landing\/wp-json\/wp\/v2\/product_cat?post=77"},{"taxonomy":"product_tag","embeddable":true,"href":"https:\/\/dianetika.lt\/landing\/wp-json\/wp\/v2\/product_tag?post=77"}],"curies":[{"name":"wp","href":"https:\/\/api.w.org\/{rel}","templated":true}]}}